at is the highest common divisor of 10 and t?
5
Let z(w) = 6*w**2 - 50*w + 160. Let o be z(8). What is the highest common divisor of o and 88?
8
Let b be 2340/8*10/4*184/69. Calculate the highest common factor of b and 234.
78
Let b = -5556 + 6282. Calculate the highest common divisor of b and 1254.
66
Let u = -932 - -987. What is the greatest common divisor of u and 913?
11
Let q be -1 - 1 - -405 - (-17)/(51/(-21)). What is the highest common divisor of 550 and q?
22
Suppose 132 = 5*r + 2*t, 4*r + 4*t = 2*r + 40. Let o = r + -16. What is the highest common factor of 3 and o?
3
Let u = -72 + 71. Let i be (6 + u)*(-1 + 2). Calculate the highest common factor of i and 80.
5
Suppose -6*o + 474 = 138. What is the greatest common divisor of o and 1820?
28
Suppose 120 = 34*g - 29*g. Suppose g = -0*t + 6*t. Suppose -m - t = -18. Calculate the highest common factor of 7 and m.
7
Let y(a) = -a**3 + 6*a**2 - 5*a + 3. Let b be y(3). Let x = -62 + 116. Suppose -59*i + x*i + 75 = 0. Calculate the highest common factor of i and b.
15
Let o be 95368/273*(-6)/4. Let z = -508 - o. What is the greatest common divisor of z and 4?
4
Suppose -z = 11*k - 6*k - 7438, 2*k = -4*z + 29788. Suppose -11*q + 39*q - z = 0. What is the highest common factor of 14 and q?
14
Let r(s) = -s**3 - 15*s**2 + 16*s + 7. Let z be r(-16). Let t(n) = 2*n - n + 23*n**2 - n - 2*n. Let a be t(1). What is the highest common divisor of a and z?
7
Let j = 20 + 0. Suppose -j = -0*r - 4*r. Suppose 5*q - w - 41 = 0, 0*w - 5*w = r. What is the greatest common factor of 56 and q?
8
Suppose 0 = 3*s + 2*n - 46, -s - 5*n + 5 + 19 = 0. Suppose -261 = 5*i - 801. Let v = i + -94. Calculate the highest common factor of v and s.
14
Suppose h + 5*t - 1249 = 0, 7*h - 8*h + 4*t = -1285. Let j = h + -855. What is the highest common factor of 18 and j?
18
Suppose 0 = 27*h - 22*h - 2*d - 6092, 0 = 3*h + d - 3642. What is the highest common factor of h and 38?
38
Let d be 316/10 + 2/5. Suppose 3*h + 18 = -3*z, 2*z - 1 = -5*h - 7. What is the greatest common divisor of h and d?
2
Let i = 7832 - 5074. Calculate the greatest common divisor of 112 and i.
14
Suppose -3*w - 3*u = -2757, 0 = 5*w + 43*u - 45*u - 4602. What is the highest common divisor of 69 and w?
23
Let d be 9/4*(70 - (-42)/(-7)). Let z be 8/(-28) + 23/7. Suppose z*y = 9*y - d. What is the greatest common factor of y and 16?
8
Suppose -354 = -5*l + 2*r + 320, 4*r - 556 = -4*l. Suppose w + 7 = -5*b, -3*b - 5 = 4. Calculate the highest common factor of w and l.
8
Let v = -10801 + 13181. What is the highest common factor of v and 1820?
140
Let m be ((-14)/8)/(-7) + 3695/20. Let s = 197 - m. Let l = 124 + -88. Calculate the greatest common factor of s and l.
12
Suppose 0 = -3*m + 8*k - 7*k + 2538, 3*m + 3*k = 2538. Calculate the greatest common divisor of 658 and m.
94
Let y be 5885/385 + (-4)/14 - -4. Calculate the greatest common factor of 171 and y.
19
Let a(t) = 17*t**2 - 11*t - 2. Let u be a(2). Let b be (-4 + -2 + 1)*(-1 + -21). Calculate the highest common factor of u and b.
22
Suppose 24 = 16*z - 24. Suppose -g + z*i + 50 = 0, 2*g = -3*i + 7*i + 110. Calculate the greatest common divisor of 5 and g.
5
Suppose 6*w - 5*p = 10*w - 10792, -2719 = -w + 4*p. What is the highest common divisor of w and 51?
51
Let m(q) = 138*q + 3950. Let z be m(-27). What is the greatest common factor of 9632 and z?
224
Let n be (5 + -2 + -471)*(-3)/(-4). Let b be n/(-9)*(0 + 1). Let l = b - 22. What is the highest common divisor of l and 17?
17
Let t = 219 + -217. Suppose t*w = 3*y - 6*y + 180, 186 = 3*y + 4*w. What is the greatest common divisor of 2 and y?
2
Let a(z) = z**2 + 20*z + 145. Suppose 22*j + 72 = 16*j. Let t be a(j). Calculate the greatest common divisor of t and 392.
49
Let k = 334940 - 334884. Let l be (-3)/((-3)/728) + 0. What is the highest common factor of k and l?
56
Suppose 5133*x - 103455 = 5034*x. Let r be (-774)/(-14) + (-4)/14. Calculate the greatest common factor of r and x.
55
Let m = -133 - -278. Let o be (-7)/(-2) - 3/6. Suppose 5*f - 298 = -106*k + 104*k, -k + 178 = o*f. Calculate the greatest common factor of m and f.
29
Let l = -753 + 751. Let n be -2 + (16 - 17) + (75 - l). Calculate the greatest common divisor of 185 and n.
37
Suppose 0 = 5*x + r - 110, -3*r - 61 = -x - 23. Suppose -x*v + 852 = -3173. What is the greatest common factor of v and 21?
7
Let f(g) = 6*g**2 - g - 23. Let h be f(-3). Suppose -3*s + h = -4*x, -5*s = 8*x - 6*x - 100. What is the greatest common factor of 24 and s?
6
Let x(r) = 2*r - 80. Let j be x(56). What is the greatest common factor of j and 32?
32
Let i be -1*306/27*9/(-2). Suppose -i*c + 1008 = -27*c. What is the greatest common divisor of c and 1?
1
Let b = 31 - 34. Let d(r) = -2*r - 5. Let i be d(b). Let t = 189 - 181. What is the highest common factor of t and i?
1
Suppose 43*d + 373 = -7496. Let j = d - -288. Suppose 30 + 45 = 5*n. What is the greatest common divisor of j and n?
15
Let h = 68 + -51. Suppose 4*d = -5 + h. Let p = 94 + -61. Calculate the greatest common factor of d and p.
3
Suppose 4*m + 114 = 354. Let z = -21 - -31. Suppose -x + 302 = -0*i + 2*i, 5*x = z. What is the highest common divisor of m and i?
30
Suppose -1985 = -5*u - 5*t, -1584 = -4*u + t - 3*t. Suppose -2*h + 260 = -3*c, u = 5*h - 2*h - 2*c. Calculate the greatest common divisor of h and 19.
19
Suppose 4*u = -0*u + 64. Let y = 21 - u. What is the highest common factor of y and 50?
5
Let v be ((-24)/32)/((-2)/24). Let s = 12 - v. Suppose -9*w + 8 = -5*w. What is the highest common factor of s and w?
1
Suppose 14564 = 4*b - o, 3*b - o = 7276 + 3648. Calculate the highest common factor of b and 70.
70
Suppose -u - 2*i = 4, u + 0 = -5*i - 4. Let d be u - ((-1)/4 + 14/(-8)). Let a be (d - 86/(-3)) + 11/33. Calculate the greatest common factor of a and 3.
3
Let i = 4931 + -1252. What is the greatest common divisor of i and 52?
13
Let r be 26/((-92)/220 + 75/125). Calculate the highest common factor of 1066 and r.
13
Suppose -2*v = 2*v + 68. Let u = v - -21. Suppose -u*d = -3*x - 16 + 79, -2*d = -2*x + 42. What is the highest common divisor of 3 and x?
3
Suppose c + 2 = 6. Suppose -4*r = c*p - 508, -3*p + 0*p + 421 = -5*r. Let m be (0 - -9)/(726/968). Calculate the greatest common factor of m and p.
12
Let n = 17811 - 17797. What is the highest common factor of 4858 and n?
14
Let i be 7917/156*(-11 + -1)*-1. What is the highest common divisor of 348 and i?
87
Let p(h) = h**3 + 14*h**2 - 15*h - 297. Let m be p(-13). What is the highest common divisor of 14740 and m?
67
Let c(d) = -d + 3. Let h be 14/(-2)*2/(-7). Let n be c(h). Let s be (-60)/n*-4*14/21. What is the highest common factor of 64 and s?
32
Let o be 4 + 2 + (-8)/2. Suppose 6*l - l + 4*q + 220 = 0, 5*q = o*l + 121. Let m be (-4016)/l + (-2)/(-6). Calculate the greatest common factor of 12 and m.
12
Suppose -5*k = -5*z - 10*k + 5685, z - 1121 = 3*k. What is the greatest common factor of z and 132?
11
Let q be 1 - 1152/(-9) - (-3)/6*12. What is the highest common factor of q and 450?
45
Let w = -141 - -189. Suppose 0 = 14*g - 11*g - w. Suppose 175 = -4*o + 623. What is the greatest common divisor of o and g?
16
Suppose 1568 = -4*z - 4*r, 4*r - 372 = -0*z + z. Let k = z + 392. What is the highest common factor of 3 and k?
1
Let w = -9210 + 13445. What is the greatest common divisor of w and 245?
35
Suppose 10*i - 58*i = 40*i - 321112. What is the highest common divisor of i and 123?
41
Suppose -2*g + 7 = -g + 3*y, -2*g - 3*y = -20. Let c(i) = 16*i**2 - 409*i + 2372. Let r be c(6). What is the greatest common factor of r and g?
13
Suppose -29 = -5*a - u + 6, 4*u = a - 7. Calculate the greatest common divisor of 567 and a.
7
Let w(v) = 8*v**2 - 83*v + 75. Let l(f) = -17*f**2 + 164*f - 150. Let o(a) = -6*l(a) - 13*w(a). Let c be o(46). Calculate the highest common factor of c and 35.
7
Suppose -4*q = -79 + 7. Suppose q*i + 96 = 24*i. Calculate the highest common factor of i and 272.
16
Let f be (-84)/(-182) + 84573/39. Calculate the greatest common divisor of f and 9.
9
Suppose -3834 = -3*a + 3*d, -220*a + 218*a = 4*d - 2574. What is the highest common factor of a and 126?
21
Let z = 12492 + -12179. What is the greatest common factor of z and 39125?
313
Suppose -59*i + 174*